1110 (base 2) to base 11.
-16571
What is 11c6 (base 13) in base 4?
213200
Convert -1002110 (base 4) to base 14.
-1792
3034 (base 5) to base 8
612
116b9 (base 13) to base 16
7cb4
-60c (base 16) to base 14
-7c8
3081 (base 13) to base 8
15050
What is 11310210 (base 4) in base 12?
11970
26492 (base 11) to base 5
2202403
Convert 42801 (base 9) to base 13.
cb9b
What is 22ca (base 13) in base 3?
20201102
1000001 (base 2) to base 9
72
Convert 12425 (base 11) to base 8.
42626
Convert 40 (base 7) to base 15.
1d
What is -865 (base 11) in base 6?
-4451
1816 (base 14) to base 7
15426
What is ab (base 12) in base 2?
10000011
1001001111 (base 2) to base 10
591
-13210 (base 6) to base 8
-3746
Convert 101010110 (base 2) to base 6.
1330
Convert -36543 (base 7) to base 2.
-10010101000001
-15343 (base 12) to base 6
-350123
Convert -102112 (base 3) to base 2.
-100110111
-1110001110011011 (base 2) to base 7
-331606
-2640 (base 7) to base 12
-700
Convert -102020 (base 3) to base 15.
-153
Convert 799 (base 13) to base 4.
110131
What is -2040 (base 5) in base 16?
-10e
1320313 (base 4) to base 5
221420
What is 342 (base 15) in base 11?
610
What is -8563 (base 15) in base 6?
-334350
-1217 (base 9) to base 2
-1110001011
What is 40913 (base 10) in base 13?
15812
517a (base 13) to base 2
10101111110111
Convert -685 (base 16) to base 8.
-3205
Convert -56753 (base 8) to base 5.
-1232133
What is -2323 (base 7) in base 10?
-850
What is -446 (base 10) in base 8?
-676
Convert -450 (base 13) to base 5.
-10431
a6d (base 14) to base 15
922
What is -186 (base 13) in base 2?
-100010111
Convert -332b (base 13) to base 6.
-53011
14f (base 16) to base 14
19d
What is -5ec1 (base 15) in base 11?
-141aa
-319 (base 11) to base 16
-17f
-3189 (base 11) to base 9
-5688
What is -e7f (base 16) in base 4?
-321333
-111122 (base 3) to base 9
-448
What is 3151 (base 6) in base 13?
430
Convert -16563 (base 11) to base 16.
-5b05
-15827 (base 13) to base 5
-2302211
Convert -2520 (base 8) to base 7.
-3652
What is 1221120 (base 3) in base 7?
4065
Convert -632 (base 16) to base 5.
-22321
Convert 108 (base 14) to base 8.
314
Convert -312310 (base 7) to base 3.
-2201121111
Convert 110111001 (base 2) to base 7.
1200
-1182 (base 9) to base 12
-618
Convert -6162 (base 15) to base 6.
-235115
Convert -10357 (base 8) to base 13.
-1c86
Convert 2573 (base 8) to base 6.
10255
What is 4144 (base 5) in base 2?
1000100101
What is 112201 (base 3) in base 9?
481
Convert 335 (base 6) to base 12.
ab
493 (base 11) to base 3
210201
What is -566 (base 12) in base 5?
-11143
What is -56 (base 10) in base 7?
-110
Convert -1000001010000011 (base 2) to base 7.
-166260
-6615 (base 9) to base 16
-130a
1100110100 (base 2) to base 5
11240
What is -110 (base 2) in base 16?
-6
1140233 (base 6) to base 10
59709
-362 (base 12) to base 4
-13322
What is 2cb (base 14) in base 6?
2351
What is -3a9 (base 13) in base 10?
-646
-21213310 (base 4) to base 10
-39412
Convert 7281 (base 11) to base 10.
9648
Convert -ed (base 15) to base 3.
-22021
111012 (base 3) to base 2
101100100
Convert -1220222 (base 3) to base 10.
-1403
Convert 302 (base 5) to base 12.
65
What is -38595 (base 12) in base 11?
-52828
What is 2122 (base 5) in base 12?
1bb
What is 443 (base 7) in base 2?
11100011
What is 10bb (base 15) in base 12?
207b
10101101 (base 2) to base 14
c5
What is 1548a (base 13) in base 12?
1b414
-1016 (base 15) to base 6
-23420
-4060 (base 7) to base 13
-84a
Convert 1371b (base 12) to base 10.
26951
Convert -830 (base 10) to base 5.
-11310
Convert -1253 (base 14) to base 2.
-110010001001
What is -2718 (base 9) in base 16?
-7fa
-21233 (base 5) to base 11
-10a2
Convert 2a68 (base 12) to base 13.
235a
Convert -22874 (base 9) to base 2.
-11101110111111
2742 (base 8) to base 5
22011
-30454 (base 9) to base 7
-112321
13878 (base 10) to base 4
3120312
Convert -9344 (base 13) to base 12.
-b928
Convert 41400 (base 9) to base 5.
1333142
What is -11022 (base 5) in base 3?
-1001020
What is -3030 (base 5) in base 6?
-1450
-a350 (base 12) to base 15
-53ec
e35d (base 16) to base 3
2221211202
Convert -101110000111100 (base 2) to base 15.
-6ee2
What is -5053 (base 14) in base 8?
-32741
-202220 (base 3) to base 5
-4224
Convert -3040303 (base 5) to base 9.
-74747
-123 (base 15) to base 3
-100120
Convert -4024 (base 7) to base 5.
-21030
115 (base 9) to base 6
235
Convert -6a (base 11) to base 5.
-301
4348 (base 10) to base 12
2624
-120220202 (base 3) to base 12
-686b
Convert -2010 (base 13) to base 12.
-2673
1813 (base 9) to base 16
56d
What is -211 (base 16) in base 3?
-201121
-222 (base 14) to base 7
-1142
What is 29c (base 14) in base 6?
2242
What is -2504 (base 6) in base 4?
-21220
Convert 6314 (base 9) to base 14.
198a
What is -3773 (base 9) in base 4?
-230010
12021 (base 3) to base 9
167
What is 347 (base 10) in base 16?
15b
Convert 28198 (base 11) to base 12.
1b2a6
What is 1554 (base 10) in base 5?
22204
Convert 2465 (base 9) to base 8.
3461
Convert 10b34 (base 15) to base 3.
2200220111
Convert 154 (base 8) to base 2.
1101100
Convert 203 (base 15) to base 12.
319
What is -1140304 (base 6) in base 11?
-40969
Convert -1989 (base 15) to base 5.
-134104
-11101001010 (base 2) to base 15
-846
What is 5410 (base 6) in base 9?
1616
What is -35604 (base 7) in base 10?
-9216
What is -848 (base 11) in base 14?
-52c
-21032 (base 4) to base 6
-2422
What is 233023 (base 4) in base 9?
4124
What is 145050 (base 6) in base 10?
14070
What is 10210100 (base 3) in base 7?
11025
Convert 1022330 (base 4) to base 6.
34112
What is 1202102 (base 3) in base 16?
500
23a58 (base 11) to base 16
86f4
-a11c (base 13) to base 15
-6879
What is 461a (base 12) in base 16?
1e76
Convert 918 (base 10) to base 3.
1021000
What is -30222 (base 4) in base 10?
-810
12070 (base 11) to base 15
523a
What is 3a34 (base 11) in base 8?
12170
Convert 10011111011101 (base 2) to base 6.
115125
What is 1001110100 (base 2) in base 4?
21310
-111010110001001 (base 2) to base 16
-7589
-6cc (base 14) to base 6
-10140
What is -50a (base 13) in base 7?
-2331
What is 18ca9 (base 13) in base 16?
bcb0
6436 (base 7) to base 5
33111
Convert 523 (base 11) to base 13.
396
Convert 15054 (base 8) to base 14.
2628
What is 1215 (base 7) in base 15?
203
What is -6952 (base 14) in base 5?
-1041200
What is 3607 (base 13) in base 4?
1312330
What is 123442 (base 5) in base 15?
169c
6650 (base 7) to base 10
2387
-132441 (base 5) to base 8
-12373
-2444 (base 5) to base 9
-455
What is -10b1 (base 13) in base 16?
-925
Convert -497a (base 12) to base 2.
-10000001101110
11000221 (base 3) to base 13
1453
34a (base 16) to base 3
1011012
Convert 1034433 (base 5) to base 4.
10123012
-100100 (base 6) to base 4
-1322010
50a1 (base 11) to base 2
1101001101110
What is 8777 (base 13) in base 10?
18857
What is -7632 (base 8) in base 15?
-12b4
What is -3654 (base 7) in base 13?
-80a
What is -1202 (base 5) in base 2?
-10110001
Convert -33350 (base 6) to base 16.
-1242
What is d4 (base 16) in base 5?
1322
What is -4a42 (base 12) in base 6?
-102522
3576 (base 9) to base 12
1659
Convert -1253320 (base 6) to base 7.
-406332
What is -1031320 (base 4) in base 10?
-4984
What is -b8 (base 14) in base 7?
-321
Convert -12211 (base 5) to base 12.
-657
Convert 320142 (base 6) to base 11.
18580
Convert 51322 (base 10) to base 7.
302425
159b (base 13) to base 9
4312
-105302 (base 8) to base 16
-8ac2
-2032123 (base 4) to base 16
-239b
-31d (base 16) to base 14
-40d
Convert 6520 (base 11) to base 15.
2843
What is 35b (base 15) in base 8?
1371
-3361 (base 10) to base 4
-310201
-112312 (base 5) to base 7
-14621
Convert -7515 (base 11) to base 2.
-10011011010010
What is 7752 (base 13) in base 11?
11548
145 (base 9) to base 2
1111010
7828 (base 15) to base 6
313515
341 (base 6) to base 7
250
Convert -10433 (base 5) to base 16.
-2e7
-220134 (base 6) to base 2
-100011100011010
-70330 (base 10) to base 16
-112ba
Convert 456 (base 8) to base 13.
1a3
2612 (base 16) to base 7
40262
Convert -3478 (base 10) to base 7.
-13066
Convert 4616 (base 7) to base 11.
1297
What is -13330013 (base 4) in base 8?
-77407
Convert -32b (base 12) to base 3.
-122022
What is -21741 (base 8) in base 6?
-110305
What is -7231 (base 9) in base 12?
-3091
Convert 12541 (base 7) to base 8.
6441
-40285 (bas